{"id":3405,"date":"2021-09-17T13:30:59","date_gmt":"2021-09-17T11:30:59","guid":{"rendered":"http:\/\/www.ivoirehs.net\/?page_id=3405"},"modified":"2021-09-20T21:47:07","modified_gmt":"2021-09-20T19:47:07","slug":"offset","status":"publish","type":"page","link":"http:\/\/www.imprimerie-ihs.ci\/index.php\/offset\/","title":{"rendered":"OFFSET"},"content":{"rendered":"<div class=\"wpb-content-wrapper\"><p>[vc_row css=\u00a0\u00bb.vc_custom_1631891150087{margin-top: -15px !important;padding-bottom: 0px !important;}\u00a0\u00bb][vc_column][vc_row_inner][vc_column_inner width=\u00a0\u00bb1\/4&Prime;][\/vc_column_inner][vc_column_inner width=\u00a0\u00bb1\/2&Prime;][revaldak_headings headings_title=\u00a0\u00bbImpression OFFSET\u00a0\u00bb headings_subtitle=\u00a0\u00bb\u00a0\u00bb headings_subtitle_tag=\u00a0\u00bbp\u00a0\u00bb headings_separator=\u00a0\u00bbborder\u00a0\u00bb headings_separator_border_color=\u00a0\u00bb#49d0e5&Prime; revaldak_heading_font_weight=\u00a0\u00bb400&Prime; revaldak_heading_color=\u00a0\u00bb#000000&Prime; revaldak_sub_heading_font_weight=\u00a0\u00bb400&Prime; revaldak_sub_heading_color=\u00a0\u00bb#8a8a8a\u00a0\u00bb revaldak_heading_spacing=\u00a0\u00bb20px\u00a0\u00bb revaldak_heading_font_size=\u00a0\u00bb35&Prime;][\/vc_column_inner][vc_column_inner width=\u00a0\u00bb1\/4&Prime;][\/vc_column_inner][\/vc_row_inner][\/vc_column][\/vc_row][vc_row full_width=\u00a0\u00bbstretch_row\u00a0\u00bb gap=\u00a0\u00bb25&Prime; css=\u00a0\u00bb.vc_custom_1632167860289{background-color: #729abf !important;}\u00a0\u00bb][vc_column width=\u00a0\u00bb1\/2&Prime;][vc_single_image image=\u00a0\u00bb3373&Prime; img_size=\u00a0\u00bbfull\u00a0\u00bb][\/vc_column][vc_column width=\u00a0\u00bb1\/2&Prime;][revaldak_empty_spaces height_tablet=\u00a0\u00bb10&Prime; height_desktop=\u00a0\u00bb25&Prime; height_mobile=\u00a0\u00bb0&Prime;][vc_column_text]<span style=\"color: #000000;\">L\u2019offset, issu de l\u2019anglais, \u00ab to set off \u00bb, signifiant \u00ab reporter \u00bb, comporte plusieurs \u00e9tapes successives qui pr\u00e9c\u00e8dent l\u2019impression : le document \u00e0 imprimer est reproduit sur un support \u2013 initialement une plaque de m\u00e9tal grav\u00e9e -, o\u00f9 sont d\u00e9finies des zones \u00e0 encrer. Cette plaque est encr\u00e9e plusieurs fois, avant qu\u2019on y passeun cylindre ou rouleau \u2013 appel\u00e9 \u00ab blanchet \u00bb \u2013 recouvert d\u2019une feuille de caoutchouc, qui transf\u00e8rera l\u2019encre sur le papier, pour l\u2019impression proprement dite sur papier. L\u2019offset repose sur de nombreuses manipulations : c\u2019est un proc\u00e9d\u00e9 qui requiert du mat\u00e9riel lourd, du temps.<\/span><\/p>\n<p><span style=\"color: #000000;\">Pour la transmission de l\u2019encre sur papier, l\u2019offset utilise de l\u2019encre liquide, des plaques m\u00e9talliques et des machines complexes \u00e0 engrenages et \u00e0 rouleaux. En fonction de la taille du papier qu\u2019elles peuvent accepter, il existe diff\u00e9rents types de presses. Plus le format de la feuille est grand, plus la machine devra \u00eatre grande. Ensuite il y a divers processus afin d\u2019imprimer le papier depuis le dessin.<\/span>[\/vc_column_text][\/vc_column][\/vc_row]<\/p>\n<\/div>","protected":false},"excerpt":{"rendered":"<p>[vc_row css=\u00a0\u00bb.vc_custom_1631891150087{margin-top: -15px !important;padding-bottom: 0px !important;}\u00a0\u00bb][vc_column][vc_row_inner][vc_column_inner width=\u00a0\u00bb1\/4&Prime;][\/vc_column_inner][vc_column_inner width=\u00a0\u00bb1\/2&Prime;][revaldak_headings headings_title=\u00a0\u00bbImpression OFFSET\u00a0\u00bb headings_subtitle=\u00a0\u00bb\u00a0\u00bb headings_subtitle_tag=\u00a0\u00bbp\u00a0\u00bb headings_separator=\u00a0\u00bbborder\u00a0\u00bb headings_separator_border_color=\u00a0\u00bb#49d0e5&Prime; revaldak_heading_font_weight=\u00a0\u00bb400&Prime; revaldak_heading_color=\u00a0\u00bb#000000&Prime; revaldak_sub_heading_font_weight=\u00a0\u00bb400&Prime; revaldak_sub_heading_color=\u00a0\u00bb#8a8a8a\u00a0\u00bb revaldak_heading_spacing=\u00a0\u00bb20px\u00a0\u00bb revaldak_heading_font_size=\u00a0\u00bb35&Prime;][\/vc_column_inner][vc_column_inner width=\u00a0\u00bb1\/4&Prime;][\/vc_column_inner][\/vc_row_inner][\/vc_column][\/vc_row][vc_row full_width=\u00a0\u00bbstretch_row\u00a0\u00bb gap=\u00a0\u00bb25&Prime; css=\u00a0\u00bb.vc_custom_1632167860289{background-color: #729abf !important;}\u00a0\u00bb][vc_column width=\u00a0\u00bb1\/2&Prime;][vc_single_image image=\u00a0\u00bb3373&Prime; img_size=\u00a0\u00bbfull\u00a0\u00bb][\/vc_column][vc_column width=\u00a0\u00bb1\/2&Prime;][revaldak_empty_spaces height_tablet=\u00a0\u00bb10&Prime; height_desktop=\u00a0\u00bb25&Prime; height_mobile=\u00a0\u00bb0&Prime;][vc_column_text]L\u2019offset, issu de l\u2019anglais, \u00ab to set off \u00bb, signifiant \u00ab reporter \u00bb, comporte plusieurs \u00e9tapes successives qui pr\u00e9c\u00e8dent l\u2019impression : le document [&hellip;]<\/p>\n","protected":false},"author":1,"featured_media":0,"parent":0,"menu_order":0,"comment_status":"closed","ping_status":"closed","template":"","meta":{"footnotes":""},"class_list":["post-3405","page","type-page","status-publish","hentry"],"_links":{"self":[{"href":"http:\/\/www.imprimerie-ihs.ci\/index.php\/wp-json\/wp\/v2\/pages\/3405","targetHints":{"allow":["GET"]}}],"collection":[{"href":"http:\/\/www.imprimerie-ihs.ci\/index.php\/wp-json\/wp\/v2\/pages"}],"about":[{"href":"http:\/\/www.imprimerie-ihs.ci\/index.php\/wp-json\/wp\/v2\/types\/page"}],"author":[{"embeddable":true,"href":"http:\/\/www.imprimerie-ihs.ci\/index.php\/wp-json\/wp\/v2\/users\/1"}],"replies":[{"embeddable":true,"href":"http:\/\/www.imprimerie-ihs.ci\/index.php\/wp-json\/wp\/v2\/comments?post=3405"}],"version-history":[{"count":0,"href":"http:\/\/www.imprimerie-ihs.ci\/index.php\/wp-json\/wp\/v2\/pages\/3405\/revisions"}],"wp:attachment":[{"href":"http:\/\/www.imprimerie-ihs.ci\/index.php\/wp-json\/wp\/v2\/media?parent=3405"}],"curies":[{"name":"wp","href":"https:\/\/api.w.org\/{rel}","templated":true}]}}