{"id":22,"date":"2016-05-10T11:56:43","date_gmt":"2016-05-10T11:56:43","guid":{"rendered":"http:\/\/themes.webdevia.com\/factory\/?page_id=22"},"modified":"2021-09-18T10:20:47","modified_gmt":"2021-09-18T08:20:47","slug":"about","status":"publish","type":"page","link":"http:\/\/www.imprimerie-ihs.ci\/index.php\/about\/","title":{"rendered":"A Propos"},"content":{"rendered":"<div class=\"wpb-content-wrapper\"><p>[vc_row][vc_column][vc_row_inner][vc_column_inner width=\u00a0\u00bb1\/2&Prime;][vc_single_image image=\u00a0\u00bb3128&Prime; img_size=\u00a0\u00bbfull\u00a0\u00bb][\/vc_column_inner][vc_column_inner width=\u00a0\u00bb1\/2&Prime; css=\u00a0\u00bb.vc_custom_1631844058066{padding-left: 10px !important;}\u00a0\u00bb][revaldak_empty_spaces height_mobile=\u00a0\u00bb20&Prime; height_tablet=\u00a0\u00bb30&Prime; height_desktop=\u00a0\u00bb30&Prime;][revaldak_headings headings_title=\u00a0\u00bbEntamez l&rsquo;aventure avec nous !\u00a0\u00bb headings_subtitle=\u00a0\u00bb\u00a0\u00bb][revaldak_empty_spaces height_mobile=\u00a0\u00bb20&Prime; height_tablet=\u00a0\u00bb30&Prime; height_desktop=\u00a0\u00bb30&Prime;][vc_column_text el_class=\u00a0\u00bbabout-us-text-block\u00a0\u00bb]<span style=\"color: #000000;\"><em>Imprimerie HS est une imprimerie bas\u00e9e \u00e0 Abidjan, Adjam\u00e9 220 Logements. Notre passion est depuis toujours de mobiliser notre savoir-faire et les techniques les plus novatrices au service de l&rsquo;impression de vos supports de communication.<\/em><\/span><\/p>\n<p><span style=\"color: #000000;\"><em>Parce que le monde graphique et ses techniques \u00e9voluent constamment, nous privil\u00e9gions la relation humaine.<\/em><\/span><br \/>\n<span style=\"color: #000000;\"><em>C&rsquo;est ce qui garantit la qualit\u00e9 que nous apportons \u00e0 la r\u00e9alisation de toutes nos prestations, et nous pousse \u00e0 avoir des \u00e9quipements \u00e0 la pointe, toujours adapt\u00e9s, cela anime notre respect de la s\u00e9curit\u00e9 et de l&rsquo;environnement.<\/em><\/span><br \/>\n<span style=\"color: #000000;\"><em>Et c&rsquo;est toujours elle qui favorise la fid\u00e9lit\u00e9 de nos clients et l&rsquo;esprit de partenariat que nous cultivons avec ferveur et conviction.<\/em><\/span>[\/vc_column_text][\/vc_column_inner][\/vc_row_inner][vc_row_inner][vc_column_inner][revaldak_headings headings_title=\u00a0\u00bbCE QU&rsquo;IL FAUT SAVOIR\u00a0\u00bb headings_subtitle=\u00a0\u00bb\u00a0\u00bb][\/vc_column_inner][\/vc_row_inner][vc_row_inner][vc_column_inner][vc_cta h2=\u00a0\u00bbLES QUELQUES \u00c9L\u00c9MENTS DE BASE \u00c0 RESPECTER SONT:\u00a0\u00bb txt_align=\u00a0\u00bbjustify\u00a0\u00bb style=\u00a0\u00bb3d\u00a0\u00bb color=\u00a0\u00bbblack\u00a0\u00bb]<span style=\"color: #ffffff;\">Toutes les images \u00e0 300DPI si possible (un minimum de 150 DPI est quand m\u00eame fortement recommand\u00e9)<\/span><\/p>\n<p><span style=\"color: #ffffff;\">Les images enregistr\u00e9es en mode CMJN<\/span><\/p>\n<p><span style=\"color: #ffffff;\">Les polices doivent \u00eatre incorpor\u00e9es au PDF<\/span><\/p>\n<p><span style=\"color: #ffffff;\">Au moment du montage et de l\u2019imposition pr\u00e9voir\u00a0 un fond perdu et faire les contr\u00f4les n\u00e9cessaires.<\/span><\/p>\n<p><span style=\"color: #ffffff;\">Toutes les couleurs en CMJN ( cyan-magenta-jaune-noir ) pour une impression quadri.<\/span><\/p>\n<p><span style=\"color: #ffffff;\">Ne joindre des tons directs (p.e. PANTONES) que si vous souhaitez une impression dans ces teintes.<\/span><\/p>\n<p><span style=\"color: #ffffff;\">Ne faites pas vos fichiers en planches ni en imposition mais bien en un fichier de plusieurs pages (par exemple : 1 brochure de 40 pages= 1 fichier PDF de 40 pages)<\/span>[\/vc_cta][\/vc_column_inner][\/vc_row_inner][vc_row_inner css=\u00a0\u00bb.vc_custom_1631844544822{background-color: #0a84e2 !important;}\u00a0\u00bb][vc_column_inner width=\u00a0\u00bb2\/3&Prime; css=\u00a0\u00bb.vc_custom_1631844740812{padding-top: 40px !important;}\u00a0\u00bb][vc_cta h2=\u00a0\u00bbRESOLUTION DES IMAGES\u00a0\u00bb txt_align=\u00a0\u00bbjustify\u00a0\u00bb style=\u00a0\u00bbcustom\u00a0\u00bb custom_background=\u00a0\u00bb#0a84e2&Prime; custom_text=\u00a0\u00bb#ffffff\u00a0\u00bb]<span style=\"color: #ffffff;\">La r\u00e9solution\u00a0 des images recommand\u00e9e pour l\u2019impression est de 300 DPI, la qualit\u00e9 d\u2019affichage d\u2019un \u00e9cran ne n\u00e9cessite que 72DPI. D\u00e8s lors,\u00a0 si les r\u00e9solutions de vos images sont comprises entre ces valeurs, leur qualit\u00e9 \u00e0 l\u2019impression risque d\u2019\u00eatre relativement alt\u00e9r\u00e9e alors que l\u2019affichage \u00e0 l\u2019\u00e9cran semble correct.<\/span>[\/vc_cta][\/vc_column_inner][vc_column_inner width=\u00a0\u00bb1\/3&Prime;][vc_single_image image=\u00a0\u00bb3394&Prime; img_size=\u00a0\u00bbfull\u00a0\u00bb][\/vc_column_inner][\/vc_row_inner][vc_row_inner css=\u00a0\u00bb.vc_custom_1631844600806{background-color: #eaeaea !important;}\u00a0\u00bb][vc_column_inner width=\u00a0\u00bb1\/3&Prime;][vc_single_image image=\u00a0\u00bb3395&Prime; img_size=\u00a0\u00bbfull\u00a0\u00bb][\/vc_column_inner][vc_column_inner width=\u00a0\u00bb2\/3&Prime; css=\u00a0\u00bb.vc_custom_1631844504543{padding-top: 20px !important;padding-bottom: 10px !important;}\u00a0\u00bb][vc_cta h2=\u00a0\u00bbCONSEILS AVANT IMPRESSION DE VOTRE LOGO\u00a0\u00bb txt_align=\u00a0\u00bbjustify\u00a0\u00bb style=\u00a0\u00bbcustom\u00a0\u00bb custom_background=\u00a0\u00bb#eaeaea\u00a0\u00bb custom_text=\u00a0\u00bb#000000&Prime;]Si l\u2019impression de votre logo est initialement pr\u00e9vue pour une impression en ton direct (pantone) et que vous nous demandez une impression quadri, il y a une conversion\u00a0 (donc variation possible) de la couleur.<\/p>\n<p>L\u2019autre cause possible est que votre logo est imprim\u00e9 sur des supports diff\u00e9rents.<\/p>\n<p>Sachez que les couleurs varient \u00e9galement en fonction du type de papier utilis\u00e9.[\/vc_cta][\/vc_column_inner][\/vc_row_inner][\/vc_column][\/vc_row]<\/p>\n<\/div>","protected":false},"excerpt":{"rendered":"<p>[vc_row][vc_column][vc_row_inner][vc_column_inner width=\u00a0\u00bb1\/2&Prime;][vc_single_image image=\u00a0\u00bb3128&Prime; img_size=\u00a0\u00bbfull\u00a0\u00bb][\/vc_column_inner][vc_column_inner width=\u00a0\u00bb1\/2&Prime; css=\u00a0\u00bb.vc_custom_1631844058066{padding-left: 10px !important;}\u00a0\u00bb][revaldak_empty_spaces height_mobile=\u00a0\u00bb20&Prime; height_tablet=\u00a0\u00bb30&Prime; height_desktop=\u00a0\u00bb30&Prime;][revaldak_headings headings_title=\u00a0\u00bbEntamez l&rsquo;aventure avec nous !\u00a0\u00bb headings_subtitle=\u00a0\u00bb\u00a0\u00bb][revaldak_empty_spaces height_mobile=\u00a0\u00bb20&Prime; height_tablet=\u00a0\u00bb30&Prime; height_desktop=\u00a0\u00bb30&Prime;][vc_column_text el_class=\u00a0\u00bbabout-us-text-block\u00a0\u00bb]Imprimerie HS est une imprimerie bas\u00e9e \u00e0 Abidjan, Adjam\u00e9 220 Logements. Notre passion est depuis toujours de mobiliser notre savoir-faire et les techniques les plus novatrices au service de l&rsquo;impression de vos supports de communication. [&hellip;]<\/p>\n","protected":false},"author":1,"featured_media":0,"parent":0,"menu_order":0,"comment_status":"closed","ping_status":"closed","template":"","meta":{"footnotes":""},"class_list":["post-22","page","type-page","status-publish","hentry"],"_links":{"self":[{"href":"http:\/\/www.imprimerie-ihs.ci\/index.php\/wp-json\/wp\/v2\/pages\/22","targetHints":{"allow":["GET"]}}],"collection":[{"href":"http:\/\/www.imprimerie-ihs.ci\/index.php\/wp-json\/wp\/v2\/pages"}],"about":[{"href":"http:\/\/www.imprimerie-ihs.ci\/index.php\/wp-json\/wp\/v2\/types\/page"}],"author":[{"embeddable":true,"href":"http:\/\/www.imprimerie-ihs.ci\/index.php\/wp-json\/wp\/v2\/users\/1"}],"replies":[{"embeddable":true,"href":"http:\/\/www.imprimerie-ihs.ci\/index.php\/wp-json\/wp\/v2\/comments?post=22"}],"version-history":[{"count":0,"href":"http:\/\/www.imprimerie-ihs.ci\/index.php\/wp-json\/wp\/v2\/pages\/22\/revisions"}],"wp:attachment":[{"href":"http:\/\/www.imprimerie-ihs.ci\/index.php\/wp-json\/wp\/v2\/media?parent=22"}],"curies":[{"name":"wp","href":"https:\/\/api.w.org\/{rel}","templated":true}]}}